st common factor of 106 and 583?
53
What is the greatest common factor of 848 and 16?
16
What is the highest common divisor of 7 and 91?
7
Calculate the greatest common factor of 12231 and 81.
81
What is the greatest common factor of 10 and 645?
5
Calculate the greatest common divisor of 468 and 1326.
78
What is the highest common factor of 5 and 5?
5
What is the greatest common divisor of 15960 and 60?
60
What is the greatest common divisor of 54 and 2322?
54
What is the highest common factor of 642 and 2782?
214
Calculate the highest common divisor of 10 and 5480.
10
What is the greatest common factor of 999 and 513?
27
What is the greatest common factor of 114 and 456?
114
Calculate the greatest common divisor of 342 and 76.
38
What is the greatest common divisor of 3205 and 35?
5
What is the greatest common factor of 1122 and 1139?
17
What is the greatest common divisor of 372 and 164?
4
Calculate the highest common factor of 84 and 700.
28
What is the highest common factor of 30 and 2?
2
What is the highest common factor of 567 and 81?
81
Calculate the greatest common divisor of 12 and 20.
4
What is the greatest common factor of 35 and 42?
7
What is the greatest common factor of 33 and 9339?
33
What is the greatest common factor of 11 and 44?
11
What is the greatest common divisor of 164 and 1517?
41
Calculate the greatest common divisor of 966 and 6348.
138
Calculate the greatest common divisor of 1216 and 532.
76
Calculate the highest common divisor of 34 and 148.
2
What is the greatest common factor of 615 and 51?
3
What is the greatest common divisor of 67 and 16683?
67
What is the highest common factor of 1323 and 196?
49
What is the greatest common divisor of 552 and 24?
24
Calculate the greatest common divisor of 33170 and 62.
62
What is the highest common divisor of 1060 and 7685?
265
What is the highest common factor of 146 and 2409?
73
What is the greatest common divisor of 161 and 115?
23
What is the greatest common divisor of 11581 and 37?
37
Calculate the greatest common factor of 32 and 976.
16
What is the highest common divisor of 69611 and 922?
461
What is the greatest common factor of 1311 and 575?
23
Calculate the highest common factor of 83 and 2075.
83
What is the highest common divisor of 171 and 9?
9
What is the greatest common factor of 21 and 7728?
21
Calculate the highest common divisor of 3120 and 276.
12
Calculate the highest common factor of 2635 and 697.
17
What is the highest common factor of 17 and 79?
1
Calculate the greatest common divisor of 192 and 256.
64
Calculate the greatest common factor of 168 and 42.
42
Calculate the highest common factor of 13507 and 13.
13
Calculate the highest common divisor of 1860 and 434.
62
What is the greatest common divisor of 2 and 10108?
2
What is the highest common divisor of 20 and 100?
20
What is the greatest common factor of 4365 and 45?
45
Calculate the highest common factor of 264 and 2002.
22
Calculate the greatest common divisor of 150 and 12.
6
What is the greatest common factor of 2585 and 55?
55
Calculate the highest common divisor of 1809 and 67.
67
Calculate the greatest common divisor of 119 and 7616.
119
Calculate the greatest common factor of 288 and 64.
32
Calculate the highest common factor of 16929 and 9.
9
What is the highest common divisor of 1131 and 1209?
39
Calculate the greatest common divisor of 139 and 5977.
139
What is the highest common divisor of 30 and 3?
3
What is the highest common factor of 24 and 3804?
12
What is the greatest common divisor of 1408 and 11?
11
What is the highest common factor of 511 and 730?
73
What is the greatest common factor of 203 and 232?
29
Calculate the highest common divisor of 13 and 572.
13
Calculate the highest common divisor of 59 and 8201.
59
Calculate the highest common factor of 41 and 3.
1
Calculate the greatest common factor of 705 and 75.
15
Calculate the greatest common divisor of 28 and 26.
2
What is the highest common divisor of 6 and 246?
6
What is the highest common factor of 32 and 31072?
32
What is the highest common divisor of 106 and 2?
2
What is the highest common divisor of 2716 and 194?
194
Calculate the greatest common divisor of 13 and 103.
1
Calculate the greatest common factor of 332 and 15604.
332
Calculate the greatest common factor of 171 and 304.
19
What is the greatest common factor of 1537 and 29?
29
Calculate the highest common factor of 3176 and 160.
8
Calculate the highest common factor of 448 and 112.
112
Calculate the highest common factor of 590 and 110.
10
Calculate the highest common factor of 26 and 247.
13
What is the highest common divisor of 283 and 27?
1
Calculate the greatest common divisor of 100 and 60.
20
What is the highest common divisor of 153 and 45?
9
Calculate the highest common factor of 210 and 21.
21
What is the highest common divisor of 3664 and 112?
16
Calculate the greatest common divisor of 17 and 119.
17
Calculate the highest common factor of 2119 and 978.
163
Calculate the greatest common factor of 603 and 99.
9
Calculate the highest common divisor of 4 and 301.
1
Calculate the highest common divisor of 255 and 153.
51
What is the highest common factor of 189 and 675?
27
What is the greatest common factor of 256 and 352?
32
What is the greatest common factor of 3 and 3?
3
What is the greatest common factor of 1404 and 104?
52
Calculate the highest common divisor of 588 and 784.
196
What is the highest common factor of 2960 and 777?
37
What is the greatest common factor of 6 and 1?
1
Calculate the highest common divisor of 14 and 574.
14
What is the greatest common divisor of 7 and 56?
7
What is the greatest common divisor of 4480 and 385?
35
What is the greatest common divisor of 512 and 192?
64
Calculate the highest common factor of 765 and 816.
51
Calculate the highest common divisor of 2388 and 24.
12
What is the greatest common divisor of 1924 and 370?
74
Calculate the greatest common divisor of 3892 and 21.
7
Calculate the greatest common divisor of 1554 and 42.
42
What is the greatest common divisor of 24 and 4152?
24
Calculate the greatest common divisor of 50 and 175.
25
What is the greatest common factor of 690 and 529?
23
Calculate the highest common factor of 21 and 1029.
21
What is the greatest common factor of 21 and 1848?
21
What is the highest common factor of 819 and 13?
13
Calculate the highest common divisor of 4088 and 140.
28
Calculate the greatest common factor of 2914 and 1426.
62
What is the greatest common factor of 160 and 40?
40
Calculate the highest common factor of 18728 and 24.
8
What is the highest common divisor of 15060 and 12?
12
What is the highest common divisor of 30 and 1668?
6
What is the highest common factor of 9190 and 20?
10
What is the greatest common divisor of 84 and 16856?
28
Calculate the highest common factor of 7 and 126.
7
What is the greatest common divisor of 10615 and 15?
5
What is the greatest common factor of 52 and 2548?
52
Calculate the highest common factor of 79 and 553.
79
Calculate the highest common divisor of 45 and 720.
45
What is the highest common divisor of 1156 and 476?
68
Calculate the greatest common divisor of 555 and 15.
15
What is the highest common divisor of 170 and 1955?
85
Calculate the greatest common factor of 7 and 133.
7
What is the greatest common factor of 20152 and 88?
88
What is the highest common factor of 2575 and 1648?
103
Calculate the highest common divisor of 45 and 435.
15
Calculate the greatest common divisor of 100 and 1300.
100
Calculate the greatest common factor of 451 and 82.
41
What is the highest common divisor of 135 and 360?
45
What is the highest common factor of 252 and 3843?
63
Calculate the highest common factor of 110 and 11330.
110
What is the highest common divisor of 74 and 16?
2
Calculate the greatest common divisor of 31180 and 20.
20
What is the highest common factor of 444 and 252?
12
Calculate the highest common divisor of 24 and 248.
8
What is the greatest common divisor of 8865 and 10?
5
What is the highest common factor of 22 and 737?
11
What is the highest common divisor of 12 and 324?
12
Calculate the highest common factor of 9 and 1089.
9
Calculate the greatest common divisor of 53 and 212.
53
Calculate the highest common d